{"id":6,"date":"2022-05-26T18:13:33","date_gmt":"2022-05-26T18:13:33","guid":{"rendered":"http:\/\/awini.nl\/?page_id=6"},"modified":"2023-10-24T06:48:12","modified_gmt":"2023-10-24T06:48:12","slug":"home","status":"publish","type":"page","link":"https:\/\/awini.nl\/","title":{"rendered":"Awini.nl"},"content":{"rendered":"<p><img data-recalc-dims=\"1\" loading=\"lazy\" decoding=\"async\" class=\"wp-image-103 alignleft\" src=\"https:\/\/i0.wp.com\/awini.nl\/wp-content\/uploads\/2022\/06\/fotomartijn.jpg?resize=151%2C109&#038;ssl=1\" alt=\"\" width=\"151\" height=\"109\" srcset=\"https:\/\/i0.wp.com\/awini.nl\/wp-content\/uploads\/2022\/06\/fotomartijn.jpg?resize=300%2C217&amp;ssl=1 300w, https:\/\/i0.wp.com\/awini.nl\/wp-content\/uploads\/2022\/06\/fotomartijn.jpg?w=544&amp;ssl=1 544w\" sizes=\"auto, (max-width: 151px) 100vw, 151px\" \/><br \/>\n<em>Al 25 jaar professional op het gebied van informatiemanagement &amp; digitalisering.<\/em><\/p>\n<p>Afdelingshoofd Informatiemanagement en ICT bij de gemeente Heerenveen, ben daarnaast beschikbaar voor losse adviesopdrachten, presentaties, analyses, beleidsplannen &#8230; of gewoon sparren over ons mooie vakgebied.<\/p>\n<p>Ook geef ik een serie workshops over Informatiemanagement, voor managers &amp; bestuurders.<\/p>\n<hr \/>\n<p><span style=\"color: #000000;\"><em><strong>Wat kan goed Informatiemanagement voor jou betekenen? Een kort verhaal<\/strong><\/em><\/span><\/p>\n<p>Midden in de woestijn van Jordanie ligt Petra. Ogenschijnlijk zonder mogelijkheden: geen voedsel, slechte grond en alleen maar zand en kamelen! Toch lukte het de Nabatee\u00ebrs 300 v.C. om hier \u00e9\u00e9n van de sterkste en meest geavanceerde beschavingen van die tijd te vormen. Hoe? Door het goed managen van het beschikbare water en een goed verdien-model via de handel. Via honderden waterbergingen in de rotsen, waterleidingen van kilometers lang en slimme irrigatie en opslag kwam de woestijn tot leven en konden tienduizenden mensen in Petra leven.<\/p>\n<p>En op de grote handelsroutes vanuit het oosten en zuiden naar Damascus en verder richting Europa werden ze dus een essentiele stop. Ze specialiseerden zich vervolgens in het bewaken van de routes en het verpakken van de waar voor verder vervoer. Meer dan 2000 jaar later zie je nog de bewijzen van een majestueuze samenleving in \u00e9\u00e9n van de zeven wereldwonderen Petra!<\/p>\n<p><img data-recalc-dims=\"1\" loading=\"lazy\" decoding=\"async\" class=\" wp-image-64 aligncenter\" src=\"https:\/\/i0.wp.com\/awini.nl\/wp-content\/uploads\/2022\/05\/DSC03201.jpg?resize=369%2C293&#038;ssl=1\" alt=\"\" width=\"369\" height=\"293\" srcset=\"https:\/\/i0.wp.com\/awini.nl\/wp-content\/uploads\/2022\/05\/DSC03201-scaled.jpg?resize=300%2C238&amp;ssl=1 300w, https:\/\/i0.wp.com\/awini.nl\/wp-content\/uploads\/2022\/05\/DSC03201-scaled.jpg?resize=1024%2C811&amp;ssl=1 1024w, https:\/\/i0.wp.com\/awini.nl\/wp-content\/uploads\/2022\/05\/DSC03201-scaled.jpg?resize=768%2C608&amp;ssl=1 768w, https:\/\/i0.wp.com\/awini.nl\/wp-content\/uploads\/2022\/05\/DSC03201-scaled.jpg?resize=1536%2C1216&amp;ssl=1 1536w, https:\/\/i0.wp.com\/awini.nl\/wp-content\/uploads\/2022\/05\/DSC03201-scaled.jpg?resize=2048%2C1622&amp;ssl=1 2048w, https:\/\/i0.wp.com\/awini.nl\/wp-content\/uploads\/2022\/05\/DSC03201-scaled.jpg?w=2400&amp;ssl=1 2400w\" sizes=\"auto, (max-width: 369px) 100vw, 369px\" \/><\/p>\n<p>Informatiemanagement kan in de huidige wereld eenzelfde rol spelen. Door het goed organiseren, de juiste keuzes en jezelf focussen op wat jou (in jouw sector) speciaal maakt kan je een volgende niveau bereiken. Informatiemanagement, digitalisering niet perse als iets dat moet of faciliteert &#8230; maar als iets dat als <em><strong>enabler<\/strong><\/em> werkt en jou en jouw bedrijf laat bloeien!<\/p>\n<p>Als professional in het werkveld van informatieamanagement &amp; digitalisering kan ik helpen om dit volgende niveau te bereiken. En ja natuurlijk moeten we ook faciliteren, ondersteunen, de basis op orde krijgen \/ houden!<\/p>\n","protected":false},"excerpt":{"rendered":"<p>Al 25 jaar professional op het gebied van informatiemanagement &amp; digitalisering. Afdelingshoofd Informatiemanagement en ICT bij de gemeente Heerenveen, ben daarnaast beschikbaar voor losse adviesopdrachten, presentaties, analyses, beleidsplannen &#8230; of gewoon sparren over ons mooie vakgebied. Ook geef ik een serie workshops over Informatiemanagement, voor managers &amp; bestuurders. Wat kan goed Informatiemanagement voor jou betekenen?&hellip;&nbsp;<a href=\"https:\/\/awini.nl\/\" rel=\"bookmark\">Lees verder &raquo;<span class=\"screen-reader-text\">Awini.nl<\/span><\/a><\/p>\n","protected":false},"author":1,"featured_media":0,"parent":0,"menu_order":0,"comment_status":"closed","ping_status":"closed","template":"","meta":{"neve_meta_sidebar":"","neve_meta_container":"","neve_meta_enable_content_width":"on","neve_meta_content_width":100,"neve_meta_title_alignment":"","neve_meta_author_avatar":"","neve_post_elements_order":"","neve_meta_disable_header":"","neve_meta_disable_footer":"","neve_meta_disable_title":"on","footnotes":""},"class_list":["post-6","page","type-page","status-publish","hentry"],"yoast_head":"<!-- This site is optimized with the Yoast SEO plugin v27.5 - https:\/\/yoast.com\/product\/yoast-seo-wordpress\/ -->\n<title>Awini.nl - Awini<\/title>\n<meta name=\"robots\" content=\"index, follow, max-snippet:-1, max-image-preview:large, max-video-preview:-1\" \/>\n<link rel=\"canonical\" href=\"https:\/\/awini.nl\/\" \/>\n<meta property=\"og:locale\" content=\"nl_NL\" \/>\n<meta property=\"og:type\" content=\"article\" \/>\n<meta property=\"og:title\" content=\"Awini.nl - Awini\" \/>\n<meta property=\"og:description\" content=\"Al 25 jaar professional op het gebied van informatiemanagement &amp; digitalisering. Afdelingshoofd Informatiemanagement en ICT bij de gemeente Heerenveen, ben daarnaast beschikbaar voor losse adviesopdrachten, presentaties, analyses, beleidsplannen &#8230; of gewoon sparren over ons mooie vakgebied. Ook geef ik een serie workshops over Informatiemanagement, voor managers &amp; bestuurders. Wat kan goed Informatiemanagement voor jou betekenen?&hellip;&nbsp;Lees verder &raquo;Awini.nl\" \/>\n<meta property=\"og:url\" content=\"https:\/\/awini.nl\/\" \/>\n<meta property=\"og:site_name\" content=\"Awini\" \/>\n<meta property=\"article:publisher\" content=\"https:\/\/www.facebook.com\/martijn.broekhuizen\" \/>\n<meta property=\"article:modified_time\" content=\"2023-10-24T06:48:12+00:00\" \/>\n<meta property=\"og:image\" content=\"https:\/\/awini.nl\/wp-content\/uploads\/2022\/06\/fotomartijn-300x217.jpg\" \/>\n<meta name=\"twitter:card\" content=\"summary_large_image\" \/>\n<meta name=\"twitter:site\" content=\"@Awini\" \/>\n<meta name=\"twitter:label1\" content=\"Geschatte leestijd\" \/>\n\t<meta name=\"twitter:data1\" content=\"2 minuten\" \/>\n<script type=\"application\/ld+json\" class=\"yoast-schema-graph\">{\"@context\":\"https:\\\/\\\/schema.org\",\"@graph\":[{\"@type\":\"WebPage\",\"@id\":\"https:\\\/\\\/awini.nl\\\/\",\"url\":\"https:\\\/\\\/awini.nl\\\/\",\"name\":\"Awini.nl - Awini\",\"isPartOf\":{\"@id\":\"https:\\\/\\\/awini.nl\\\/#website\"},\"primaryImageOfPage\":{\"@id\":\"https:\\\/\\\/awini.nl\\\/#primaryimage\"},\"image\":{\"@id\":\"https:\\\/\\\/awini.nl\\\/#primaryimage\"},\"thumbnailUrl\":\"https:\\\/\\\/awini.nl\\\/wp-content\\\/uploads\\\/2022\\\/06\\\/fotomartijn-300x217.jpg\",\"datePublished\":\"2022-05-26T18:13:33+00:00\",\"dateModified\":\"2023-10-24T06:48:12+00:00\",\"breadcrumb\":{\"@id\":\"https:\\\/\\\/awini.nl\\\/#breadcrumb\"},\"inLanguage\":\"nl-NL\",\"potentialAction\":[{\"@type\":\"ReadAction\",\"target\":[\"https:\\\/\\\/awini.nl\\\/\"]}]},{\"@type\":\"ImageObject\",\"inLanguage\":\"nl-NL\",\"@id\":\"https:\\\/\\\/awini.nl\\\/#primaryimage\",\"url\":\"https:\\\/\\\/i0.wp.com\\\/awini.nl\\\/wp-content\\\/uploads\\\/2022\\\/06\\\/fotomartijn.jpg?fit=544%2C394&ssl=1\",\"contentUrl\":\"https:\\\/\\\/i0.wp.com\\\/awini.nl\\\/wp-content\\\/uploads\\\/2022\\\/06\\\/fotomartijn.jpg?fit=544%2C394&ssl=1\",\"width\":544,\"height\":394},{\"@type\":\"BreadcrumbList\",\"@id\":\"https:\\\/\\\/awini.nl\\\/#breadcrumb\",\"itemListElement\":[{\"@type\":\"ListItem\",\"position\":1,\"name\":\"Home\",\"item\":\"https:\\\/\\\/awini.nl\\\/\"},{\"@type\":\"ListItem\",\"position\":2,\"name\":\"Awini.nl\"}]},{\"@type\":\"WebSite\",\"@id\":\"https:\\\/\\\/awini.nl\\\/#website\",\"url\":\"https:\\\/\\\/awini.nl\\\/\",\"name\":\"Awini\",\"description\":\"Informatiemanagement &amp; digitalisering\",\"publisher\":{\"@id\":\"https:\\\/\\\/awini.nl\\\/#organization\"},\"potentialAction\":[{\"@type\":\"SearchAction\",\"target\":{\"@type\":\"EntryPoint\",\"urlTemplate\":\"https:\\\/\\\/awini.nl\\\/?s={search_term_string}\"},\"query-input\":{\"@type\":\"PropertyValueSpecification\",\"valueRequired\":true,\"valueName\":\"search_term_string\"}}],\"inLanguage\":\"nl-NL\"},{\"@type\":\"Organization\",\"@id\":\"https:\\\/\\\/awini.nl\\\/#organization\",\"name\":\"Awini\",\"url\":\"https:\\\/\\\/awini.nl\\\/\",\"logo\":{\"@type\":\"ImageObject\",\"inLanguage\":\"nl-NL\",\"@id\":\"https:\\\/\\\/awini.nl\\\/#\\\/schema\\\/logo\\\/image\\\/\",\"url\":\"https:\\\/\\\/awini.nl\\\/wp-content\\\/uploads\\\/2022\\\/10\\\/logo_base2.jpg\",\"contentUrl\":\"https:\\\/\\\/awini.nl\\\/wp-content\\\/uploads\\\/2022\\\/10\\\/logo_base2.jpg\",\"width\":1525,\"height\":647,\"caption\":\"Awini\"},\"image\":{\"@id\":\"https:\\\/\\\/awini.nl\\\/#\\\/schema\\\/logo\\\/image\\\/\"},\"sameAs\":[\"https:\\\/\\\/www.facebook.com\\\/martijn.broekhuizen\",\"https:\\\/\\\/x.com\\\/Awini\",\"https:\\\/\\\/www.linkedin.com\\\/in\\\/martijnbroekhuizen\\\/\"]}]}<\/script>\n<!-- \/ Yoast SEO plugin. -->","yoast_head_json":{"title":"Awini.nl - Awini","robots":{"index":"index","follow":"follow","max-snippet":"max-snippet:-1","max-image-preview":"max-image-preview:large","max-video-preview":"max-video-preview:-1"},"canonical":"https:\/\/awini.nl\/","og_locale":"nl_NL","og_type":"article","og_title":"Awini.nl - Awini","og_description":"Al 25 jaar professional op het gebied van informatiemanagement &amp; digitalisering. Afdelingshoofd Informatiemanagement en ICT bij de gemeente Heerenveen, ben daarnaast beschikbaar voor losse adviesopdrachten, presentaties, analyses, beleidsplannen &#8230; of gewoon sparren over ons mooie vakgebied. Ook geef ik een serie workshops over Informatiemanagement, voor managers &amp; bestuurders. Wat kan goed Informatiemanagement voor jou betekenen?&hellip;&nbsp;Lees verder &raquo;Awini.nl","og_url":"https:\/\/awini.nl\/","og_site_name":"Awini","article_publisher":"https:\/\/www.facebook.com\/martijn.broekhuizen","article_modified_time":"2023-10-24T06:48:12+00:00","og_image":[{"url":"https:\/\/awini.nl\/wp-content\/uploads\/2022\/06\/fotomartijn-300x217.jpg","type":"","width":"","height":""}],"twitter_card":"summary_large_image","twitter_site":"@Awini","twitter_misc":{"Geschatte leestijd":"2 minuten"},"schema":{"@context":"https:\/\/schema.org","@graph":[{"@type":"WebPage","@id":"https:\/\/awini.nl\/","url":"https:\/\/awini.nl\/","name":"Awini.nl - Awini","isPartOf":{"@id":"https:\/\/awini.nl\/#website"},"primaryImageOfPage":{"@id":"https:\/\/awini.nl\/#primaryimage"},"image":{"@id":"https:\/\/awini.nl\/#primaryimage"},"thumbnailUrl":"https:\/\/awini.nl\/wp-content\/uploads\/2022\/06\/fotomartijn-300x217.jpg","datePublished":"2022-05-26T18:13:33+00:00","dateModified":"2023-10-24T06:48:12+00:00","breadcrumb":{"@id":"https:\/\/awini.nl\/#breadcrumb"},"inLanguage":"nl-NL","potentialAction":[{"@type":"ReadAction","target":["https:\/\/awini.nl\/"]}]},{"@type":"ImageObject","inLanguage":"nl-NL","@id":"https:\/\/awini.nl\/#primaryimage","url":"https:\/\/i0.wp.com\/awini.nl\/wp-content\/uploads\/2022\/06\/fotomartijn.jpg?fit=544%2C394&ssl=1","contentUrl":"https:\/\/i0.wp.com\/awini.nl\/wp-content\/uploads\/2022\/06\/fotomartijn.jpg?fit=544%2C394&ssl=1","width":544,"height":394},{"@type":"BreadcrumbList","@id":"https:\/\/awini.nl\/#breadcrumb","itemListElement":[{"@type":"ListItem","position":1,"name":"Home","item":"https:\/\/awini.nl\/"},{"@type":"ListItem","position":2,"name":"Awini.nl"}]},{"@type":"WebSite","@id":"https:\/\/awini.nl\/#website","url":"https:\/\/awini.nl\/","name":"Awini","description":"Informatiemanagement &amp; digitalisering","publisher":{"@id":"https:\/\/awini.nl\/#organization"},"potentialAction":[{"@type":"SearchAction","target":{"@type":"EntryPoint","urlTemplate":"https:\/\/awini.nl\/?s={search_term_string}"},"query-input":{"@type":"PropertyValueSpecification","valueRequired":true,"valueName":"search_term_string"}}],"inLanguage":"nl-NL"},{"@type":"Organization","@id":"https:\/\/awini.nl\/#organization","name":"Awini","url":"https:\/\/awini.nl\/","logo":{"@type":"ImageObject","inLanguage":"nl-NL","@id":"https:\/\/awini.nl\/#\/schema\/logo\/image\/","url":"https:\/\/awini.nl\/wp-content\/uploads\/2022\/10\/logo_base2.jpg","contentUrl":"https:\/\/awini.nl\/wp-content\/uploads\/2022\/10\/logo_base2.jpg","width":1525,"height":647,"caption":"Awini"},"image":{"@id":"https:\/\/awini.nl\/#\/schema\/logo\/image\/"},"sameAs":["https:\/\/www.facebook.com\/martijn.broekhuizen","https:\/\/x.com\/Awini","https:\/\/www.linkedin.com\/in\/martijnbroekhuizen\/"]}]}},"jetpack-related-posts":[{"id":84,"url":"https:\/\/awini.nl\/index.php\/privacybeleid\/","url_meta":{"origin":6,"position":0},"title":"Privacybeleid","author":"Martijn Broekhuizen","date":"4 juni 2022","format":false,"excerpt":"Privacy beleid Wie zijn we Martijn Broekhuizen professional op het terrein van Informatievoorziening en digitalisering https:\/\/awini.nl. Reacties Als bezoekers reacties achterlaten op de site, verzamelen we de gegevens getoond in het reactieformulier, het IP-adres van de bezoeker en de browser user agent om te helpen spam te detecteren. Media Als\u2026","rel":"","context":"Soortgelijk bericht","block_context":{"text":"Soortgelijk bericht","link":""},"img":{"alt_text":"","src":"","width":0,"height":0},"classes":[]},{"id":9,"url":"https:\/\/awini.nl\/index.php\/portofolio\/","url_meta":{"origin":6,"position":1},"title":"Portfolio","author":"Martijn Broekhuizen","date":"26 mei 2022","format":false,"excerpt":"- informatie management - beveiliging & privacy - changemanagement - procesmanagement - projectmanagement - architectuur - beleid - businesscases In 20+ jaar heb ik alle hoeken van de digitalisering gezien. En wat is mijn sterke kant dan? Waarom zou je mij bellen? Wat is mijn portfolio? Ik combineer specialisme en\u2026","rel":"","context":"Soortgelijk bericht","block_context":{"text":"Soortgelijk bericht","link":""},"img":{"alt_text":"","src":"https:\/\/i0.wp.com\/awini.nl\/wp-content\/uploads\/2023\/05\/Amzg1lTtNqzgJ5h06yf6-4-wr4l9.webp?resize=350%2C200&ssl=1","width":350,"height":200},"classes":[]}],"jetpack_sharing_enabled":true,"_links":{"self":[{"href":"https:\/\/awini.nl\/index.php\/wp-json\/wp\/v2\/pages\/6","targetHints":{"allow":["GET"]}}],"collection":[{"href":"https:\/\/awini.nl\/index.php\/wp-json\/wp\/v2\/pages"}],"about":[{"href":"https:\/\/awini.nl\/index.php\/wp-json\/wp\/v2\/types\/page"}],"author":[{"embeddable":true,"href":"https:\/\/awini.nl\/index.php\/wp-json\/wp\/v2\/users\/1"}],"replies":[{"embeddable":true,"href":"https:\/\/awini.nl\/index.php\/wp-json\/wp\/v2\/comments?post=6"}],"version-history":[{"count":25,"href":"https:\/\/awini.nl\/index.php\/wp-json\/wp\/v2\/pages\/6\/revisions"}],"predecessor-version":[{"id":401,"href":"https:\/\/awini.nl\/index.php\/wp-json\/wp\/v2\/pages\/6\/revisions\/401"}],"wp:attachment":[{"href":"https:\/\/awini.nl\/index.php\/wp-json\/wp\/v2\/media?parent=6"}],"curies":[{"name":"wp","href":"https:\/\/api.w.org\/{rel}","templated":true}]}}